= -18 - -9. Let d be f(x). Calculate the greatest common divisor of d and 12.
12
Let v = -31 - -48. Let u = 1061 - 993. What is the greatest common divisor of u and v?
17
Suppose -4*f + 30 = -2*y, 2*f - 4*f - 4*y = -20. What is the greatest common factor of f and 20?
4
Let y(q) be the first derivative of -37*q**2/2 - 2*q - 2. Let v be y(-2). Calculate the highest common divisor of 8 and v.
8
Let s be (-70)/(-6) + 16/(-24). Let k = -83 + 171. What is the greatest common divisor of k and s?
11
Suppose -3*d + 27 = 2*a, -4*a - 2 = 3*d - 23. Calculate the highest common divisor of d and 55.
11
Let s(r) = -5*r**3 + 2*r**2 + r. Let t be s(-1). Let i be 2 + (2 + t - 1). Calculate the greatest common divisor of i and 1.
1
Suppose -6*i + 10 = -8. Calculate the highest common divisor of i and 24.
3
Let z(f) = 13*f**2 + f. Let v be z(-1). Calculate the highest common divisor of 108 and v.
12
Let f = 23 - 1. What is the highest common factor of f and 110?
22
Let x(s) = -21*s + 7. Suppose 0 = v + 1 + 5. Let f be x(v). What is the greatest common divisor of 19 and f?
19
Let h(b) = b**2 + 2*b - 8. Let d = -2 + 8. Let n be h(d). Calculate the greatest common divisor of n and 100.
20
Let g = 87 - 80. Calculate the greatest common divisor of 21 and g.
7
Let b be 1 + 1 - 16/(-8). Suppose h - 50 = -b*h. What is the highest common divisor of 5 and h?
5
Let r(b) = -2*b - 6. Let v be r(-5). Suppose 27 = t + 3*g, -v*t - 4*g = -45 - 39. Calculate the highest common divisor of t and 2.
2
Suppose -3*j + 36 - 6 = 0. Calculate the greatest common divisor of j and 110.
10
Suppose -x - 54 = -5*w + 2*x, -4*w - 2*x + 30 = 0. Let k be (-3)/w*(-28 + 4). What is the greatest common divisor of 8 and k?
8
Let h be 10/(-3)*(-2 + -1). Let u(t) = -t**3 + 2*t + 0 - 1 - t + 4*t**3. Let a be u(2). Calculate the greatest common factor of h and a.
5
Let p = 80 - 60. Calculate the greatest common factor of 5 and p.
5
Suppose 3*h + 105 = s + 4*s, -4*s + 81 = -3*h. What is the greatest common divisor of 60 and s?
12
Suppose -b + t = 2*b - 22, -18 = -3*b + 3*t. Calculate the greatest common divisor of b and 4.
4
Suppose 29 = 5*i + 9. Let o = 11 - i. Suppose 4*d - 20 = 8*d, -4*d = -3*n + 167. Calculate the greatest common divisor of o and n.
7
Let i = -34 + 15. Let u = -16 - i. What is the greatest common divisor of 9 and u?
3
Suppose g = -4*o + 650, 0 = 3*o + 2*o - g - 817. Suppose 3*j - 2 - o = 0. What is the greatest common factor of j and 5?
5
Let q(c) = c + 1. Let b be q(4). Let d(y) = -3*y**2 + y**3 - 2*y - 3 + 4 - y. Let l be d(b). Calculate the greatest common factor of l and 9.
9
Let q be 12/15 + 111/5 + -1. What is the highest common factor of 55 and q?
11
Suppose 5*u - 141 + 26 = 0. Suppose 0 = 3*q - u - 1. What is the greatest common divisor of q and 56?
8
Let k = -24 + 34. Suppose -k = -3*v + 5. What is the greatest common factor of 20 and v?
5
Let b = 3 - 2. Let s(l) = 1 - l + 2*l + b. Let v be s(6). Calculate the greatest common divisor of 12 and v.
4
Let n(t) = 7*t**2 + 9*t - 6. Let x(i) = 10*i**2 + 13*i - 9. Let d(b) = -7*n(b) + 5*x(b). Let j be d(5). What is the highest common factor of 8 and j?
8
Let z be (-220)/(-12)*1*6. What is the greatest common factor of z and 10?
10
Suppose -27 = t - 2*t - 2*r, 0 = -t + 4*r + 51. Calculate the greatest common divisor of t and 14.
7
Let f = 12 + 6. Suppose 17*n - 566 = 13*n + 5*u, 0 = 4*n - u - 574. Calculate the highest common divisor of f and n.
18
Suppose -123*x = -122*x - 42. Calculate the greatest common factor of 7 and x.
7
Suppose 3*c = 4*c - 6. Let m(w) = w**3 - 5*w**2 + 2*w. Let k be m(6). Calculate the greatest common divisor of k and c.
6
Suppose 0*h - 4*h + 1056 = 0. What is the highest common factor of 24 and h?
24
Let r(k) = -3*k + k**3 - 6 + 8*k**2 - 7*k + 1. Let l be r(-9). Let m be (2/l)/(3/42). What is the highest common divisor of m and 63?
7
Let u(c) = c**2 + 2*c + 1. Let i be u(-1). Suppose -t + 34 = 2*b, i = -2*b - 2*t - 0*t + 36. What is the greatest common factor of 48 and b?
16
Suppose h - 3*q = 3*h - 19, h + 5*q = 20. Suppose t = 3*d - 1 - h, -t - 10 = -4*d. What is the greatest common factor of t and 9?
3
Let p(y) = 12*y. Let o = 1 - 0. Suppose 0*q + 3*u = q - 1, -u - o = -q. Let m be p(q). What is the greatest common factor of m and 108?
12
Let a be -2*(0 + -2)/(-1). Let x = -8 - a. Let m = x - -9. Calculate the highest common factor of 2 and m.
1
Suppose -3*j + 66 = 3*l, -12*l = -10*l - 5*j - 30. Suppose 310 = 3*c - 350. Calculate the greatest common factor of l and c.
20
Let g = 133 - -19. Suppose 8*j - j = 266. Let q = j - 19. Calculate the highest common factor of g and q.
19
Suppose 0 = 13*a - 83 - 21. What is the highest common divisor of a and 3?
1
Let x = 32 - 18. Let f = x - 1. What is the highest common divisor of f and 13?
13
Let l(u) = 36*u**3 - u**2 - u + 1. Let q be l(1). Suppose -5*z = 0, -2*v - 2*v + 28 = -2*z. What is the greatest common divisor of v and q?
7
Let v(p) = p**3 - 4*p**2 - 14. Let l be v(8). Calculate the highest common factor of 22 and l.
22
Let j = 2 + 10. Let y(s) = s**3 - 2*s**2 - 4*s - 6. Let q be y(5). Suppose 0 = 5*z - q - 11. Calculate the greatest common divisor of j and z.
12
Suppose 3*h = 32 + 31. Let a be (-141)/(-21) - (-6)/h. Calculate the greatest common divisor of a and 35.
7
Suppose -3*h = -3*f + 66, 4*h + h + 5 = 0. Let c(i) = -i**2 + 5*i + 3. Let g be c(5). Calculate the highest common factor of g and f.
3
Let w(i) = i**2 + i - 181. Let u be w(0). Let t = -97 - u. What is the greatest common factor of t and 12?
12
Let f(y) be the second derivative of 2*y**3/3 - 9*y**2/2 - 2*y. Let o be f(7). Calculate the highest common divisor of 152 and o.
19
Let z = 10 + -14. Let u be -4 + (153 - 1) - z. What is the greatest common divisor of 19 and u?
19
Suppose -18 = -2*r + 5*p, -3*p = 5*r + 28 - 104. Suppose l + r = 3*l. Calculate the highest common divisor of l and 7.
7
Let q(d) = -8*d - 1. Let m be q(-3). Let a be 3536/14 - (-6)/14. What is the greatest common factor of m and a?
23
Let d = 8 + -3. Let j = d - 3. Suppose 3*v = -3*x + 27, 0*v - j*v - 4*x = -16. What is the highest common factor of 80 and v?
10
Let h(s) = 3*s**2 + 4*s + 4. Let r be h(4). Calculate the highest common factor of r and 17.
17
Let o = 3 - -123. Let v(r) be the second derivative of r**5/20 + 2*r**4/3 + r**3/2 - 5*r**2 + r. Let d be v(-7). What is the highest common divisor of o and d?
18
Suppose v + 12 = -0*v. Let t(x) = x**3 + 12*x**2 - x - 5. Let b be t(v). Let c(s) = 55*s**2 + s. Let y be c(1). Calculate the highest common divisor of y and b.
7
Let w be (2/3)/((-2)/(-30)). Let q = -248 - -358. What is the greatest common factor of w and q?
10
Let a be 0/(4 + -1) - -2. Let v be (-2 + 0)*1/a. Let i be 1 - 2 - v - -6. What is the highest common divisor of 54 and i?
6
Suppose -4*j = 3*l - 70, 3*l + j = 4*j + 84. What is the highest common divisor of 13 and l?
13
Suppose 4*k - 27 = 53. Calculate the highest common factor of k and 180.
20
Let o = 0 - -3. Suppose o*m - 5*m + 330 = 0. What is the greatest common factor of m and 15?
15
Suppose 6*w + 5*o = 4*w + 41, -w = -2*o + 2. Let j(u) = 8*u**2. Let l be j(1). Calculate the greatest common divisor of w and l.
8
Let w(h) = 27*h. Let i be w(1). Suppose -2*n = c + 2*n - 25, -3*c + 4*n + i = 0. Calculate the greatest common factor of 65 and c.
13
Let x(q) = -17*q - 17. Let p be x(-11). What is the greatest common divisor of 34 and p?
34
Let w be 0/(-2 - -1) - 0. Let a(l) = l + 2. Let o be a(w). Suppose -3 = h - 1, -o*g + h = -112. What is the highest common factor of g and 11?
11
Let d = 33 - 13. What is the greatest common factor of 140 and d?
20
Let u(z) = -z**2 + 9*z - 2. Let x be u(6). Suppose -9*d + 5*d - x = 0. Let q be (d - 0)/((-4)/26). What is the greatest common factor of 39 and q?
13
Let s = -7 + 41. Suppose -4*l = -2*j - 14, -5*l - 2*j = j - s. Suppose 0*a = 4*u - l*a - 240, -4*u - a = -264. Calculate the highest common factor of 26 and u.
13
Let r(f) = 16*f**2 - f + 1. Let p be r(1). Let g = -4 + p. What is the highest common factor of g and 12?
12
Suppose -44 = -3*k + 136. Let a = -38 + k. Let m be -1 + 3 + a + 3. What is the highest common factor of m and 18?
9
Let u(s) = s**2 - 4 - 3*s - 3 + 2 - 2. Let k be u(7). Let b = 15 + k. Ca